{"id":324,"date":"2024-08-14T14:26:19","date_gmt":"2024-08-14T12:26:19","guid":{"rendered":"https:\/\/dev.paintballpark.fr\/?page_id=324"},"modified":"2025-08-26T15:29:54","modified_gmt":"2025-08-26T13:29:54","slug":"17-saint-ciers-du-taillon","status":"publish","type":"page","link":"https:\/\/www.paintballpark.fr\/?page_id=324","title":{"rendered":"17 \u2013 Saint Ciers du Taillon"},"content":{"rendered":"<p>[et_pb_section fb_built=\u00a0\u00bb1&Prime; _builder_version=\u00a0\u00bb4.27.0&Prime; _module_preset=\u00a0\u00bbdefault\u00a0\u00bb background_image=\u00a0\u00bbhttps:\/\/dev.paintballpark.fr\/wp-content\/uploads\/2024\/08\/2018-07-07-09.47.22-1-scaled.jpg\u00a0\u00bb height_tablet=\u00a0\u00bb702px\u00a0\u00bb height_last_edited=\u00a0\u00bboff|phone\u00a0\u00bb max_height_tablet=\u00a0\u00bb702px\u00a0\u00bb max_height_phone=\u00a0\u00bb702px\u00a0\u00bb max_height_last_edited=\u00a0\u00bbon|desktop\u00a0\u00bb locked=\u00a0\u00bboff\u00a0\u00bb global_colors_info=\u00a0\u00bb{}\u00a0\u00bb][et_pb_row _builder_version=\u00a0\u00bb4.27.0&Prime; _module_preset=\u00a0\u00bbdefault\u00a0\u00bb background_color=\u00a0\u00bbrgba(255,255,255,0.88)\u00a0\u00bb module_alignment=\u00a0\u00bbcenter\u00a0\u00bb global_colors_info=\u00a0\u00bb{}\u00a0\u00bb][et_pb_column type=\u00a0\u00bb4_4&Prime; _builder_version=\u00a0\u00bb4.27.0&Prime; _module_preset=\u00a0\u00bbdefault\u00a0\u00bb global_colors_info=\u00a0\u00bb{}\u00a0\u00bb][et_pb_text _builder_version=\u00a0\u00bb4.27.0&Prime; _module_preset=\u00a0\u00bbdefault\u00a0\u00bb text_font=\u00a0\u00bb|800|||||||\u00a0\u00bb text_text_color=\u00a0\u00bb#242424&Prime; text_letter_spacing=\u00a0\u00bb3px\u00a0\u00bb header_font_size=\u00a0\u00bb42px\u00a0\u00bb custom_margin=\u00a0\u00bb|||50px|false|false\u00a0\u00bb custom_padding=\u00a0\u00bb0px||0px|15px|false|false\u00a0\u00bb text_font_size_tablet=\u00a0\u00bb\u00a0\u00bb text_font_size_phone=\u00a0\u00bb14px\u00a0\u00bb text_font_size_last_edited=\u00a0\u00bbon|phone\u00a0\u00bb text_line_height_tablet=\u00a0\u00bb\u00a0\u00bb text_line_height_phone=\u00a0\u00bb1.3em\u00a0\u00bb text_line_height_last_edited=\u00a0\u00bbon|phone\u00a0\u00bb border_width_left=\u00a0\u00bb26px\u00a0\u00bb border_color_left=\u00a0\u00bb#f6d200&Prime; locked=\u00a0\u00bboff\u00a0\u00bb inline_fonts=\u00a0\u00bbAbel\u00a0\u00bb global_colors_info=\u00a0\u00bb{}\u00a0\u00bb]<\/p>\n<p><span style=\"font-size: xx-large;\">17 &#8211; Saint Ciers du Taillon<\/span><\/p>\n<p>[\/et_pb_text][\/et_pb_column][\/et_pb_row][\/et_pb_section][et_pb_section fb_built=\u00a0\u00bb1&Prime; _builder_version=\u00a0\u00bb4.27.0&Prime; _module_preset=\u00a0\u00bbdefault\u00a0\u00bb locked=\u00a0\u00bboff\u00a0\u00bb global_colors_info=\u00a0\u00bb{}\u00a0\u00bb][et_pb_row _builder_version=\u00a0\u00bb4.27.0&Prime; _module_preset=\u00a0\u00bbdefault\u00a0\u00bb global_colors_info=\u00a0\u00bb{}\u00a0\u00bb][et_pb_column type=\u00a0\u00bb4_4&Prime; _builder_version=\u00a0\u00bb4.27.0&Prime; _module_preset=\u00a0\u00bbdefault\u00a0\u00bb global_colors_info=\u00a0\u00bb{}\u00a0\u00bb][et_pb_text _builder_version=\u00a0\u00bb4.27.0&Prime; _module_preset=\u00a0\u00bbdefault\u00a0\u00bb global_colors_info=\u00a0\u00bb{}\u00a0\u00bb]<\/p>\n<p>Le<span>\u00a0<\/span><strong>Paintball PARK<span>\u00a0<\/span><\/strong>de<span>\u00a0<\/span><strong>Saint Ciers du Taillon<\/strong>\u00a0(17 \u2013 Charente-Maritime) contient un<span>\u00a0<\/span><strong>WoodPark<\/strong><span>\u00a0<\/span>\u2013 une for\u00eat am\u00e9nag\u00e9e pour la pratique du Paintball en toute s\u00e9curit\u00e9..<\/p>\n<p><strong>Infos<span>\u00a0<\/span><\/strong>: Terrains sp\u00e9cialement am\u00e9nag\u00e9s<span>\u00a0<\/span><strong>WoodPARK<span>\u00a0<\/span><\/strong><strong>\u00a0<\/strong>\u2013 Moniteurs Paintball PARK \u2013 Equipements complet sur place \u2013<span>\u00a0<\/span><strong>Laser Game pour enfants<\/strong><span>\u00a0<\/span>(d\u00e8s 6 ans) \u2013 Air de Pique nique \u2013 Espace d\u00e9tente<\/p>\n<p>[\/et_pb_text][\/et_pb_column][\/et_pb_row][et_pb_row _builder_version=\u00a0\u00bb4.27.0&Prime; _module_preset=\u00a0\u00bbdefault\u00a0\u00bb global_colors_info=\u00a0\u00bb{}\u00a0\u00bb][et_pb_column type=\u00a0\u00bb4_4&Prime; _builder_version=\u00a0\u00bb4.27.0&Prime; _module_preset=\u00a0\u00bbdefault\u00a0\u00bb global_colors_info=\u00a0\u00bb{}\u00a0\u00bb][et_pb_text _builder_version=\u00a0\u00bb4.27.0&Prime; _module_preset=\u00a0\u00bbdefault\u00a0\u00bb global_colors_info=\u00a0\u00bb{}\u00a0\u00bb]<\/p>\n<p>Nombre de terrains :<strong> 1<\/strong><br \/>Ouverture :<strong><span>\u00a0<\/span>7j\/7 de 9h00 \u00e0 20h00<span>\u00a0<\/span><\/strong>. Sur r\u00e9servation uniquement.<br \/>Acc\u00e8s :<strong><span>\u00a0<\/span>Locations<\/strong><br \/>Billes :<span>\u00a0<\/span><strong>Impos\u00e9es sur site<\/strong><br \/>Tarifs (applicables seulement \u00e0 ce Paintball PARK):<\/p>\n<h4><\/h4>\n<p>\u00e0 partir de 4 personnes.<\/p>\n<p>&nbsp;<\/p>\n<p>[\/et_pb_text][et_pb_tabs _builder_version=\u00a0\u00bb4.27.0&Prime; _module_preset=\u00a0\u00bbdefault\u00a0\u00bb locked=\u00a0\u00bboff\u00a0\u00bb global_colors_info=\u00a0\u00bb{}\u00a0\u00bb][et_pb_tab title=\u00a0\u00bbForfait Groupe\u00a0\u00bb _builder_version=\u00a0\u00bb4.27.0&Prime; _module_preset=\u00a0\u00bbdefault\u00a0\u00bb global_colors_info=\u00a0\u00bb{}\u00a0\u00bb]<\/p>\n<p>&nbsp;<\/p>\n<ul>\n<li><strong>Forfait L 200 billes \u2013 30\u20ac \/ pers<\/strong><span>\u00a0<\/span><\/li>\n<\/ul>\n<ul>\n<li><strong>Forfait XL 400 billes \u2013 45\u20ac \/ pers<\/strong><\/li>\n<\/ul>\n<p>[\/et_pb_tab][et_pb_tab title=\u00a0\u00bbLaser game\u00a0\u00bb _builder_version=\u00a0\u00bb4.27.0&Prime; _module_preset=\u00a0\u00bbdefault\u00a0\u00bb global_colors_info=\u00a0\u00bb{}\u00a0\u00bb]<\/p>\n<ul>\n<li><b>30min \/ 15 \u20ac<\/b><\/li>\n<\/ul>\n<ul>\n<li><strong>1h \/ 20 \u20ac<\/strong><\/li>\n<\/ul>\n<p>Caract\u00e9ristiques du site : ext\u00e9rieur, bois\u00e9, palette, sup\u2019air ball, parking, abri-couvert, buvette, laser game<\/p>\n<p>Attention nous n\u2019acceptons pas les CB (esp\u00e8ces ou ch\u00e8ques seulement)<\/p>\n<p>[\/et_pb_tab][\/et_pb_tabs][et_pb_text _builder_version=\u00a0\u00bb4.27.0&Prime; _module_preset=\u00a0\u00bbdefault\u00a0\u00bb locked=\u00a0\u00bboff\u00a0\u00bb global_colors_info=\u00a0\u00bb{}\u00a0\u00bb]<\/p>\n<p>&nbsp;<\/p>\n<h4>Contact<\/h4>\n<p>Informations et r\u00e9servations :<br \/>Tel : 06 87 740 494<\/p>\n<p>[\/et_pb_text][\/et_pb_column][\/et_pb_row][\/et_pb_section][et_pb_section fb_built=\u00a0\u00bb1&Prime; _builder_version=\u00a0\u00bb4.27.0&Prime; _module_preset=\u00a0\u00bbdefault\u00a0\u00bb width=\u00a0\u00bb0%\u00a0\u00bb custom_css_free_form=\u00a0\u00bbselector{||  height:0px;||}\u00a0\u00bb locked=\u00a0\u00bboff\u00a0\u00bb global_colors_info=\u00a0\u00bb{}\u00a0\u00bb][et_pb_row _builder_version=\u00a0\u00bb4.27.0&Prime; _module_preset=\u00a0\u00bbdefault\u00a0\u00bb global_colors_info=\u00a0\u00bb{}\u00a0\u00bb][et_pb_column type=\u00a0\u00bb4_4&Prime; _builder_version=\u00a0\u00bb4.27.0&Prime; _module_preset=\u00a0\u00bbdefault\u00a0\u00bb global_colors_info=\u00a0\u00bb{}\u00a0\u00bb][et_pb_button button_url=\u00a0\u00bbhttps:\/\/dev.paintballpark.fr\/?page_id=234&Prime; button_text=\u00a0\u00bbR\u00e9server votre partie\u00a0\u00bb button_alignment=\u00a0\u00bbcenter\u00a0\u00bb _builder_version=\u00a0\u00bb4.27.0&Prime; _module_preset=\u00a0\u00bbdefault\u00a0\u00bb custom_button=\u00a0\u00bbon\u00a0\u00bb button_text_size=\u00a0\u00bb15px\u00a0\u00bb button_text_color=\u00a0\u00bb#000000&Prime; button_bg_color=\u00a0\u00bb#f6d200&Prime; button_border_radius=\u00a0\u00bb52px\u00a0\u00bb button_letter_spacing=\u00a0\u00bb0px\u00a0\u00bb button_font=\u00a0\u00bb|700|||||||\u00a0\u00bb button_icon=\u00a0\u00bb&#x45;||divi||400&Prime; button_icon_color=\u00a0\u00bb#FFFFFF\u00a0\u00bb custom_margin=\u00a0\u00bb0px||0px||false|false\u00a0\u00bb custom_padding=\u00a0\u00bb16px|32px|16px|32px|true|true\u00a0\u00bb button_text_size_tablet=\u00a0\u00bb15px\u00a0\u00bb button_text_size_phone=\u00a0\u00bb14px\u00a0\u00bb button_text_size_last_edited=\u00a0\u00bbon|desktop\u00a0\u00bb custom_css_free_form=\u00a0\u00bbselector {||   position: fixed;||  bottom: 20px; \/* Espace depuis le bas de l&rsquo;\u00e9cran *\/||  right: 20px;  \/* Espace depuis le bord droit de l&rsquo;\u00e9cran *\/||  padding: 10px 20px;||  border-radius: 5px;||  cursor: pointer;||  font-size: 16px;||}\u00a0\u00bb locked=\u00a0\u00bboff\u00a0\u00bb global_colors_info=\u00a0\u00bb{}\u00a0\u00bb button_border_radius__hover=\u00a0\u00bb0px\u00a0\u00bb button_border_radius__hover_enabled=\u00a0\u00bbon|desktop\u00a0\u00bb][\/et_pb_button][\/et_pb_column][\/et_pb_row][\/et_pb_section]<\/p>\n","protected":false},"excerpt":{"rendered":"<p>17 &#8211; Saint Ciers du TaillonLe\u00a0Paintball PARK\u00a0de\u00a0Saint Ciers du Taillon\u00a0(17 \u2013 Charente-Maritime) contient un\u00a0WoodPark\u00a0\u2013 une for\u00eat am\u00e9nag\u00e9e pour la pratique du Paintball en toute s\u00e9curit\u00e9.. Infos\u00a0: Terrains sp\u00e9cialement am\u00e9nag\u00e9s\u00a0WoodPARK\u00a0\u00a0\u2013 Moniteurs Paintball PARK \u2013 Equipements complet sur place \u2013\u00a0Laser Game pour enfants\u00a0(d\u00e8s 6 ans) \u2013 Air de Pique nique \u2013 Espace d\u00e9tenteNombre de terrains : 1Ouverture [&hellip;]<\/p>\n","protected":false},"author":1,"featured_media":0,"parent":0,"menu_order":0,"comment_status":"closed","ping_status":"closed","template":"","meta":{"_et_pb_use_builder":"on","_et_pb_old_content":"","_et_gb_content_width":"","footnotes":""},"class_list":["post-324","page","type-page","status-publish","hentry"],"_links":{"self":[{"href":"https:\/\/www.paintballpark.fr\/index.php?rest_route=\/wp\/v2\/pages\/324","targetHints":{"allow":["GET"]}}],"collection":[{"href":"https:\/\/www.paintballpark.fr\/index.php?rest_route=\/wp\/v2\/pages"}],"about":[{"href":"https:\/\/www.paintballpark.fr\/index.php?rest_route=\/wp\/v2\/types\/page"}],"author":[{"embeddable":true,"href":"https:\/\/www.paintballpark.fr\/index.php?rest_route=\/wp\/v2\/users\/1"}],"replies":[{"embeddable":true,"href":"https:\/\/www.paintballpark.fr\/index.php?rest_route=%2Fwp%2Fv2%2Fcomments&post=324"}],"version-history":[{"count":11,"href":"https:\/\/www.paintballpark.fr\/index.php?rest_route=\/wp\/v2\/pages\/324\/revisions"}],"predecessor-version":[{"id":484,"href":"https:\/\/www.paintballpark.fr\/index.php?rest_route=\/wp\/v2\/pages\/324\/revisions\/484"}],"wp:attachment":[{"href":"https:\/\/www.paintballpark.fr\/index.php?rest_route=%2Fwp%2Fv2%2Fmedia&parent=324"}],"curies":[{"name":"wp","href":"https:\/\/api.w.org\/{rel}","templated":true}]}}